= 0. What is the greatest common factor of 1 and w?
1
Let j(f) = 2*f**3 - 16*f**2 + 28*f - 29. Let s be j(13). Calculate the highest common factor of 25 and s.
25
Let f(d) = 17*d**2 - d - 36. Let z be f(4). Calculate the highest common factor of z and 29.
29
Suppose -3 = 2*n - 15. What is the highest common factor of 126 and n?
6
Suppose 0 = 5*q + 5*m - 9*m - 645, -387 = -3*q + 3*m. Calculate the highest common divisor of 215 and q.
43
Let q be (16*(-81)/(-42))/(6/196). Calculate the greatest common factor of q and 36.
36
Let d be 4/10 + 4/(-10). Let i = 0 - d. Suppose -3*v + 6*v + 5*t = 241, i = 4*v - 5*t - 263. What is the highest common divisor of 8 and v?
8
Suppose 2*w - 132 = 4*c, 29 + 57 = -2*c - 4*w. Let y = c + 39. Calculate the highest common divisor of y and 10.
2
Let x be 4*(0 + -1 + 4). Let v be ((-309)/(-45) - 7) + (-3608)/(-60). What is the greatest common divisor of v and x?
12
Suppose 2*b + 4*p = 60, b - 5*b = 4*p - 140. Let d be 1/(((-8)/(-62))/(-4)). Let q be 3/12 + d/(-4). What is the highest common factor of q and b?
8
Let f(l) = 7*l + 12. Let g be f(20). What is the greatest common factor of 190 and g?
38
Suppose -3*m - j = j + 14, 3*j = m - 10. Let r be 20/(-6)*3/m. Suppose 2*n - 5*b = 5*n - 112, -2*n + 78 = r*b. Calculate the highest common factor of n and 17.
17
Suppose 0*s - m - 8 = -s, -3 = -3*m. Let b(w) = w**2 + 23*w + 85. Let i be b(-19). What is the greatest common factor of s and i?
9
Let x be 2/(-3) + 1004*63/108. Calculate the greatest common factor of x and 65.
65
Let h(k) = 8*k + 6. Let f be h(2). Let d be ((-316)/14)/(-2) - 50/175. Calculate the highest common divisor of d and f.
11
Let b(n) = -n + 9. Let a be b(9). Suppose a = 5*z - z - 36. Suppose -11 = -5*q + z. Calculate the highest common divisor of q and 10.
2
Let g be (6/4)/((-2)/(-4)) + -93. Let o = 119 + g. What is the greatest common divisor of o and 145?
29
Let r = -2 - -1. Let z be 3 + (0 - (r + 1)). Let p(j) = 2*j - 4. Let u be p(z). Calculate the highest common factor of 8 and u.
2
Suppose -8 = 5*g - 43. Let h(q) = 14*q. Let c be h(-2). Let j = -7 - c. Calculate the highest common divisor of j and g.
7
Let l be (6/4 - 1)/((-5)/(-230)). Suppose -2*n = 0, l + 28 = 3*u - n. What is the highest common divisor of 34 and u?
17
Let l be 4*4/10*175/10. Let w(y) = 11*y - 2. Let v be w(4). Calculate the highest common factor of v and l.
14
Let p(j) = j**2 - 71*j - 331. Let u be p(-5). Suppose -c + 7 = -0. Calculate the greatest common factor of u and c.
7
Let j(y) = 6*y + 1. Suppose 0 = 3*b - 7*b + 20. Let z be j(b). Suppose -3*o + 41 + z = 0. Calculate the greatest common factor of o and 12.
12
Let p = -20 - -22. Let n(u) = 2*u + 4 + 2*u + 2*u + 2*u. Let w be n(p). What is the greatest common divisor of w and 4?
4
Suppose 10 + 15 = 5*z. Suppose 5*q - 4*s - 143 = 0, -2*s + 1 = -z. Calculate the greatest common divisor of q and 279.
31
Suppose 5*u - 145 = 4*d, -3*d = 3*u + u - 116. Let b(z) = 2*z - 5. Let k be b(-4). Let t = u + k. What is the greatest common factor of t and 4?
4
Let i(x) = -x**2 + 21*x + 2. Let c be i(21). Suppose 3*g + c*g = r - 8, 0 = 2*r + g - 38. What is the highest common factor of r and 162?
18
Let p be 1/(-7)*1 - 7580/(-140). Let f = 15 - 10. Suppose -2*k + 4 + 48 = -f*i, 3*i + 60 = 2*k. What is the highest common divisor of k and p?
18
Let i be 0*10/(-50) + 530. Calculate the greatest common divisor of i and 10.
10
Let h be 11 - (3 - -4) - -1*56. Calculate the greatest common factor of h and 162.
6
Suppose -4*m - 3 = -2*t - 9, 4*m = 4*t. Suppose -20 = -30*q + 10. What is the highest common factor of q and m?
1
Suppose 0*t - 2*t = -36. Let f be ((-4)/18)/(t/(-189))*12. Calculate the greatest common factor of 28 and f.
28
Suppose 0*a = 7*a - 147. Let p be 969/a - 10/70. What is the greatest common factor of p and 69?
23
Let k be (90/(-216))/(1/(-40))*6. What is the highest common divisor of k and 320?
20
Let w be (-4 - 22/(-5)) + 1491/35. Suppose -4*g - 344 = -6*g. What is the greatest common factor of g and w?
43
Let r = -5 - -25. Let p be (-4)/10 + (-632)/r. Let h = p + 56. Calculate the highest common divisor of 192 and h.
24
Suppose -3*k + 2*s + 912 = 0, 0*s - 2*s = 0. Suppose 13*z = 346 + k. Calculate the greatest common divisor of 10 and z.
10
Let y(l) = -2*l + 18. Let o be y(8). Suppose 137 = 6*c - 2*c - r, o*c - 4*r = 58. What is the greatest common factor of c and 14?
7
Let y = 37 + -37. Let s(a) = -a**2 + a + 18. Let d be s(y). What is the highest common divisor of 54 and d?
18
Let v(j) = 7*j**2 - 10*j - 3. Let b(d) = -4*d**2 + 5*d + 2. Let i(o) = 5*b(o) + 3*v(o). Let f be i(6). What is the highest common factor of 21 and f?
7
Let j = 1221 + -709. Calculate the greatest common factor of 32 and j.
32
Let y(h) = -h**2 - 49*h - 35. Let j be y(-35). Calculate the highest common factor of j and 245.
35
Suppose 3*x - 4*r = 90, 4*x + r - 88 = 13. Let o(q) = -6*q**2 - q. Let j be o(2). Let a be (1/(-2))/(1/j). Calculate the greatest common factor of a and x.
13
Suppose -4*l = -3*q - 140, 2*l - 92 = 2*q - 2. Let m = 56 + q. Suppose -m*c + 540 = -13*c. What is the greatest common factor of c and 30?
30
Let n(q) = q**2 - 7*q + 1. Suppose 3*m = -5*g - 2, 4*m - 21 - 7 = g. Let h be n(m). Let r be 2*1 + 4 + h. What is the greatest common factor of r and 8?
1
Let o be (-2)/9 + 814/18. Let r(n) = -n**3 - 7*n**2 + 4*n + 7. Let f be r(-7). Let c be (-214)/(-14) + 6/f. Calculate the highest common divisor of o and c.
15
Suppose 0 = m - 89 + 71. Calculate the greatest common divisor of 288 and m.
18
Suppose 2*t - v = -6*v + 29, -3*t = v - 11. Suppose t = 3*j - 4. Let b(i) = 2*i**3 + 3*i - 3. Let d be b(j). What is the highest common divisor of d and 95?
19
Suppose 0 = -15*k + 533 + 277. What is the highest common divisor of k and 162?
54
Let v = -15 + 64. What is the highest common divisor of v and 21?
7
Let g(f) = f + 8. Suppose -3*z + 63 = -3*k, 5*k = -2*z - 2*z + 120. Let l = z + -21. Let x be g(l). What is the highest common divisor of 12 and x?
12
Let b be (83/(-2))/((8 + -3)/10). Let y = -61 - b. What is the greatest common factor of y and 2?
2
Let n(d) = 2*d**2 - 62*d + 288. Let h be n(5). Let c = 35 + 7. Calculate the greatest common factor of c and h.
14
Suppose 10*d + 18 = c + 14*d, 2*c - 10 = 5*d. Calculate the greatest common factor of c and 80.
10
Suppose -9*q = -18*q + 81. Suppose 0 = -2*l - 3 - 3. Let d = l + 12. Calculate the greatest common divisor of q and d.
9
Let m(r) = -8*r. Let w be m(0). Let u be 34*((8/2 - 3) + w). Calculate the greatest common divisor of u and 102.
34
Let c(l) = -2*l + 2. Let t be c(-2). Let n = -50 - -84. Let i = -25 + n. Calculate the highest common factor of t and i.
3
Let p be ((-6968)/(-3))/2*(-21)/(-14). What is the greatest common factor of 134 and p?
134
Let x be (-2 + -13)*(-14)/(-6). Let p = x - -80. Let r be 4/(-6) - 5*102/(-90). What is the greatest common factor of p and r?
5
Suppose d + g = 59, 2*d - 3*g + 4*g - 115 = 0. Suppose 0 = d*l - 59*l + 24. What is the greatest common factor of 32 and l?
8
Suppose -b + 54 = 50. Let k be (-20)/b - -3 - -17. Suppose -4*i = -655 - 5. What is the highest common factor of i and k?
15
Let n be 36/(-6)*1258/(-12). Calculate the highest common divisor of n and 85.
17
Suppose -x - 4 + 0 = -2*k, 3*x + 8 = 2*k. Let h(d) = 4*d + 3. Let s be h(x). Let f = 55 - s. What is the greatest common divisor of 12 and f?
12
Let v = 54 + -43. Let b be 156/v - 1/(-11)*-2. What is the greatest common factor of b and 21?
7
Let f(p) = p**3 - 10*p**2 + 19*p. Suppose 4*w = -5*z + 48, -3*w = 5*z - 30 - 16. Let m be f(z). What is the highest common factor of m and 30?
6
Let w be 2168/24 - (3/(-9))/(-1). What is the highest common divisor of w and 594?
18
Let f(r) = -r - 4. Let y be f(-6). Suppose 3*p + y*p = 320. Let k = 158 - 150. Calculate the highest common factor of p and k.
8
Let m(c) be the first derivative of -7*c**2/2 + 9*c + 3. Let w be m(-5). What is the highest common factor of w and 66?
22
Let s = 498 - 464. What is the highest common factor of 34 and s?
34
Let d = 138 + -93. Calculate the highest common factor of d and 153.
9
Let a(z) = 12*z**2 + 19*z - 18. Let w be a(1). What is the greatest common factor of w and 1703?
13
Let t be (12/3)/(3/(3 + 3)). Suppo